{"id":1191,"date":"2018-08-10T12:08:00","date_gmt":"2018-08-10T11:08:00","guid":{"rendered":"http:\/\/insersport.ufec.cat\/?page_id=1191"},"modified":"2019-05-14T11:21:48","modified_gmt":"2019-05-14T10:21:48","slug":"ainoa","status":"publish","type":"page","link":"https:\/\/ufec.cat\/insersport\/ainoa\/","title":{"rendered":"Ainoa"},"content":{"rendered":"[vc_row type=&#8221;full_width_content&#8221; full_screen_row_position=&#8221;middle&#8221; equal_height=&#8221;yes&#8221; content_placement=&#8221;middle&#8221; full_height=&#8221;yes&#8221; columns_placement=&#8221;stretch&#8221; bg_color=&#8221;#b72a90&#8243; scene_position=&#8221;center&#8221; text_color=&#8221;custom&#8221; custom_text_color=&#8221;#ffffff&#8221; text_align=&#8221;left&#8221; overlay_strength=&#8221;0.3&#8243;][vc_column column_padding=&#8221;no-extra-padding&#8221; column_padding_position=&#8221;all&#8221; background_color_opacity=&#8221;1&#8243; background_hover_color_opacity=&#8221;1&#8243; background_image=&#8221;1193&#8243; column_shadow=&#8221;none&#8221; width=&#8221;1\/2&#8243; tablet_text_alignment=&#8221;default&#8221; phone_text_alignment=&#8221;default&#8221; column_border_width=&#8221;none&#8221; column_border_style=&#8221;solid&#8221;][\/vc_column][vc_column column_padding=&#8221;padding-10-percent&#8221; column_padding_position=&#8221;all&#8221; background_color_opacity=&#8221;1&#8243; background_hover_color_opacity=&#8221;1&#8243; font_color=&#8221;#ffffff&#8221; column_shadow=&#8221;none&#8221; width=&#8221;1\/2&#8243; tablet_text_alignment=&#8221;default&#8221; phone_text_alignment=&#8221;default&#8221; column_border_width=&#8221;none&#8221; column_border_style=&#8221;solid&#8221;][vc_custom_heading text=&#8221;Ainoa&#8221; font_container=&#8221;tag:h5|text_align:left|color:%23ffffff&#8221; use_theme_fonts=&#8221;yes&#8221; css=&#8221;.vc_custom_1534156037295{margin-bottom: 10px !important;}&#8221;][vc_custom_heading text=&#8221;<i>\u201cM\u2019ho he passat b\u00e9 al curs i els professors m\u2019han ajudat molt\u201d.<\/i>&#8221; font_container=&#8221;tag:h2|font_size:40|text_align:left|color:%23ffffff|line_height:50px&#8221; use_theme_fonts=&#8221;yes&#8221;][vc_column_text css=&#8221;.vc_custom_1533898762853{margin-top: 30px !important;margin-bottom: 30px !important;}&#8221;]\n<h4><span style=\"font-weight: 400;\">Amb nom\u00e9s cinc anys, l\u2019Ainoa va ser portada a Almeria a un centre de menors amb la seva germana fins que part de la seva fam\u00edlia materna es va fer c\u00e0rrec de les dues. Als 12 anys va tornar a Catalunya, sense la germana, per\u00f2 continua vivint tutelada, lluny de la seva mare, amb qui mant\u00e9 una relaci\u00f3 dif\u00edcil. La seva experi\u00e8ncia vital l\u2019ha fet una noia de car\u00e0cter, i amb el temps ha guanyat en autocontrol.<br \/>\n<\/span><\/h4>\n<h4><span style=\"font-weight: 400;\">\u201cAra ets m\u00e9s conscient del que et passa i et preguntes per qu\u00e8. Quan ets petita nom\u00e9s penses a jugar\u201d, recorda. INSERsport l\u2019ha ajudat a evadir-se dels seus problemes a l\u2019hora que li dona una oportunitat laboral. \u201cSurto i em distrec. I no estic pensant tot el temps per qu\u00e8 soc a un centre\u201d, assegura. Ainoa ha fet el curs de la Federaci\u00f3 Catalana de Voleibol per poder fer d\u2019\u00e0rbitre territorial B. \u201cM\u2019ho he passat b\u00e9 al curs i els professors m\u2019han ajudat molt. Els voluntaris tamb\u00e9. Gr\u00e0cies a ells he pensat en la gent que t\u00e9 problemes per\u00f2 lluita pels seus objectius i els seus somnis\u201d, explica.<br \/>\n<\/span><\/h4>\n<h4><span style=\"font-weight: 400;\">\u201cM\u2019he sentit molt a gust amb les classes, m\u2019heu ent\u00e8s. Els professors no m\u2019han pressionat i han anat al meu ritme. Estan per tu perqu\u00e8 no et perdis\u201d, assegura. Despr\u00e9s del curs, vol seguir estudiant: educaci\u00f3 infantil, integraci\u00f3 social i criminologia. De moment, per\u00f2, acabar\u00e0 l\u2019ESO i compaginar\u00e0 els estudis amb la feina. Amb INSERsport ara t\u00e9 un acc\u00e9s m\u00e9s al mercat laboral.<br \/>\n<\/span><\/h4>\n<h4><span style=\"font-weight: 400;\">\u201cQue qu\u00e8 he apr\u00e9s? Que tot esfor\u00e7 t\u00e9 la seva recompensa\u201d, rebla l\u2019Ainoa.<\/span><\/h4>\n[\/vc_column_text][\/vc_column][\/vc_row]\n","protected":false},"excerpt":{"rendered":"<p>[vc_row type=&#8221;full_width_content&#8221; full_screen_row_position=&#8221;middle&#8221; equal_height=&#8221;yes&#8221; content_placement=&#8221;middle&#8221; full_height=&#8221;yes&#8221; columns_placement=&#8221;stretch&#8221; bg_color=&#8221;#b72a90&#8243; scene_position=&#8221;center&#8221; text_color=&#8221;custom&#8221; custom_text_color=&#8221;#ffffff&#8221; text_align=&#8221;left&#8221; overlay_strength=&#8221;0.3&#8243;][vc_column column_padding=&#8221;no-extra-padding&#8221; column_padding_position=&#8221;all&#8221; background_color_opacity=&#8221;1&#8243; background_hover_color_opacity=&#8221;1&#8243; background_image=&#8221;1193&#8243; column_shadow=&#8221;none&#8221; width=&#8221;1\/2&#8243; tablet_text_alignment=&#8221;default&#8221; phone_text_alignment=&#8221;default&#8221; column_border_width=&#8221;none&#8221; column_border_style=&#8221;solid&#8221;][\/vc_column][vc_column column_padding=&#8221;padding-10-percent&#8221; column_padding_position=&#8221;all&#8221; background_color_opacity=&#8221;1&#8243; background_hover_color_opacity=&#8221;1&#8243; font_color=&#8221;#ffffff&#8221; column_shadow=&#8221;none&#8221;&#8230;<\/p>\n","protected":false},"author":1,"featured_media":0,"parent":0,"menu_order":0,"comment_status":"closed","ping_status":"closed","template":"","meta":[],"_links":{"self":[{"href":"https:\/\/ufec.cat\/insersport\/wp-json\/wp\/v2\/pages\/1191"}],"collection":[{"href":"https:\/\/ufec.cat\/insersport\/wp-json\/wp\/v2\/pages"}],"about":[{"href":"https:\/\/ufec.cat\/insersport\/wp-json\/wp\/v2\/types\/page"}],"author":[{"embeddable":true,"href":"https:\/\/ufec.cat\/insersport\/wp-json\/wp\/v2\/users\/1"}],"replies":[{"embeddable":true,"href":"https:\/\/ufec.cat\/insersport\/wp-json\/wp\/v2\/comments?post=1191"}],"version-history":[{"count":6,"href":"https:\/\/ufec.cat\/insersport\/wp-json\/wp\/v2\/pages\/1191\/revisions"}],"predecessor-version":[{"id":1645,"href":"https:\/\/ufec.cat\/insersport\/wp-json\/wp\/v2\/pages\/1191\/revisions\/1645"}],"wp:attachment":[{"href":"https:\/\/ufec.cat\/insersport\/wp-json\/wp\/v2\/media?parent=1191"}],"curies":[{"name":"wp","href":"https:\/\/api.w.org\/{rel}","templated":true}]}}