{"id":146,"date":"2017-06-08T10:10:39","date_gmt":"2017-06-08T10:10:39","guid":{"rendered":"http:\/\/insersport.ufec.cat\/?page_id=146"},"modified":"2019-06-12T07:34:52","modified_gmt":"2019-06-12T06:34:52","slug":"histories","status":"publish","type":"page","link":"https:\/\/ufec.cat\/insersport\/histories\/","title":{"rendered":"Hist\u00f2ries"},"content":{"rendered":"[vc_row type=&#8221;full_width_background&#8221; full_screen_row_position=&#8221;middle&#8221; scene_position=&#8221;center&#8221; text_color=&#8221;dark&#8221; text_align=&#8221;center&#8221; overlay_strength=&#8221;0.3&#8243;][vc_column column_padding=&#8221;no-extra-padding&#8221; column_padding_position=&#8221;all&#8221; background_color_opacity=&#8221;1&#8243; background_hover_color_opacity=&#8221;1&#8243; column_shadow=&#8221;none&#8221; width=&#8221;1\/1&#8243; tablet_text_alignment=&#8221;default&#8221; phone_text_alignment=&#8221;default&#8221; column_border_width=&#8221;none&#8221; column_border_style=&#8221;solid&#8221;]<div style=\"height: 650px\"  data-transition=\"slide\" data-overall_style=\"classic\" data-flexible-height=\"\" data-animate-in-effect=\"none\" data-fullscreen=\"false\" data-button-sizing=\"regular\" data-button-styling=\"btn_with_count\" data-autorotate=\"\" data-parallax=\"false\" data-full-width=\"true\" class=\"nectar-slider-wrap \" id=\"ns-id-69de34c6294cd\">\r\n\t\t\t<div style=\"height: 650px\" class=\"swiper-container\"  data-tho=\"auto\" data-tco=\"auto\" data-pho=\"auto\" data-pco=\"auto\" data-loop=\"false\" data-height=\"650\" data-min-height=\"\" data-arrows=\"false\" data-bullets=\"false\" data-bullet_style=\"see_through\" data-desktop-swipe=\"false\" data-settings=\"\">\r\n\t\t\t\t    <div class=\"swiper-wrapper\"><div class=\"swiper-slide\" data-bg-alignment=\"center\" data-color-scheme=\"light\" data-x-pos=\"left\" data-y-pos=\"middle\"> \r\n\t\t\t\t\t\t\t\t<div class=\"image-bg\" style=\"background-image: url(https:\/\/ufec.cat\/insersport\/wp-content\/uploads\/2019\/05\/header-histories-insersport.png);\"> &nbsp; <\/div><div class=\"container\">\r\n\t\t\t\t\t\t\t\t\t<div class=\"content\"><h2>Hist\u00f2ries<\/h2><div class=\"buttons\"><div class=\"button solid_color\">\r\n\t\t\t\t\t\t\t\t\t\t\t\t \t\t <a class=\"primary-color\" href=\"https:\/\/ufec.cat\/insersport\/histories\/#joves\">Joves<\/a>\r\n\t\t\t\t\t\t\t\t\t\t\t\t \t <\/div><div class=\"button solid_color\">\r\n\t\t\t\t\t\t\t\t\t\t\t\t \t\t <a class=\"primary-color\" href=\"https:\/\/ufec.cat\/insersport\/histories\/#formadors\">Formadors<\/a>\r\n\t\t\t\t\t\t\t\t\t\t\t\t \t <\/div><\/div><\/div>\r\n\t\t\t\t\t\t\t\t<\/div><!--\/container--><div class=\"video-texture active_texture\"> <span class=\"ie-fix\"><\/span> <\/div><\/div><!--\/swiper-slide--><div class=\"swiper-slide\" data-bg-alignment=\"center\" data-color-scheme=\"light\" data-x-pos=\"left\" data-y-pos=\"middle\"> \r\n\t\t\t\t\t\t\t\t<div class=\"image-bg\" style=\"background-image: url(https:\/\/ufec.cat\/insersport\/wp-content\/uploads\/2021\/10\/GChangers_baner_principal.png);\"> &nbsp; <\/div><div class=\"video-texture active_texture\"> <span class=\"ie-fix\"><\/span> <\/div><\/div><!--\/swiper-slide--><\/div><div class=\"nectar-slider-loading \"> <span class=\"loading-icon none\">   <\/span> <\/div> <\/div> \r\n\t\t\t\t\r\n\t\t\t<\/div>[\/vc_column][\/vc_row][vc_row type=&#8221;in_container&#8221; full_screen_row_position=&#8221;middle&#8221; scene_position=&#8221;center&#8221; text_color=&#8221;dark&#8221; text_align=&#8221;left&#8221; overlay_strength=&#8221;0.3&#8243;][vc_column column_padding=&#8221;no-extra-padding&#8221; column_padding_position=&#8221;all&#8221; background_color_opacity=&#8221;1&#8243; background_hover_color_opacity=&#8221;1&#8243; column_shadow=&#8221;none&#8221; width=&#8221;1\/1&#8243; tablet_text_alignment=&#8221;default&#8221; phone_text_alignment=&#8221;default&#8221; column_border_width=&#8221;none&#8221; column_border_style=&#8221;solid&#8221;][vc_column_text]\n<h1 id=\"joves\"><\/h1>\n[\/vc_column_text]<div class=\"divider-wrap\"><div style=\"height: 50px;\" class=\"divider\"><\/div><\/div>[\/vc_column][\/vc_row][vc_row type=&#8221;in_container&#8221; full_screen_row_position=&#8221;middle&#8221; scene_position=&#8221;center&#8221; text_color=&#8221;dark&#8221; text_align=&#8221;left&#8221; overlay_strength=&#8221;0.3&#8243;][vc_column column_padding=&#8221;no-extra-padding&#8221; column_padding_position=&#8221;all&#8221; background_color_opacity=&#8221;1&#8243; background_hover_color_opacity=&#8221;1&#8243; column_shadow=&#8221;none&#8221; width=&#8221;2\/3&#8243; tablet_text_alignment=&#8221;default&#8221; phone_text_alignment=&#8221;default&#8221; column_border_width=&#8221;none&#8221; column_border_style=&#8221;solid&#8221;][vc_column_text css=&#8221;.vc_custom_1557920945788{margin-bottom: 30px !important;}&#8221;]\n<h2 style=\"color: #951b81;\">Cada jove t\u00e9 una hist\u00f2ria i una veu. Coneix-les<\/h2>\n[\/vc_column_text][vc_custom_heading text=&#8221;Tots els joves que participen en aquest programa deriven de serveis socials, ONG\u2019s, DGAIA (Direcci\u00f3 General d\u2019Atenci\u00f3 a la Inf\u00e0ncia i l\u2019Adolesc\u00e8ncia) o Direcci\u00f3 General d&#8217;Execuci\u00f3 Penal a la Comunitat i de Just\u00edcia Juvenil. Per respecte a la seva intimitat no explicarem en detall la situaci\u00f3 que han travessat o travessen cadascun d\u2019ells.&#8221; font_container=&#8221;tag:h5|text_align:left&#8221; use_theme_fonts=&#8221;yes&#8221;]<div class=\"divider-wrap\"><div style=\"height: 50px;\" class=\"divider\"><\/div><\/div>[\/vc_column][vc_column column_padding=&#8221;no-extra-padding&#8221; column_padding_position=&#8221;all&#8221; background_color_opacity=&#8221;1&#8243; background_hover_color_opacity=&#8221;1&#8243; column_shadow=&#8221;none&#8221; width=&#8221;1\/3&#8243; tablet_text_alignment=&#8221;default&#8221; phone_text_alignment=&#8221;default&#8221; column_border_width=&#8221;none&#8221; column_border_style=&#8221;solid&#8221;][\/vc_column][\/vc_row][vc_row type=&#8221;full_width_content&#8221; full_screen_row_position=&#8221;middle&#8221; full_height=&#8221;yes&#8221; scene_position=&#8221;center&#8221; text_color=&#8221;dark&#8221; text_align=&#8221;left&#8221; top_padding=&#8221;0&#8243; id=&#8221;team&#8221; overlay_strength=&#8221;0.3&#8243;][vc_column column_padding=&#8221;no-extra-padding&#8221; column_padding_position=&#8221;all&#8221; background_color_opacity=&#8221;1&#8243; background_hover_color_opacity=&#8221;1&#8243; top_margin=&#8221;0&#8243; column_shadow=&#8221;none&#8221; width=&#8221;1\/3&#8243; tablet_text_alignment=&#8221;default&#8221; phone_text_alignment=&#8221;default&#8221; column_border_width=&#8221;none&#8221; column_border_style=&#8221;solid&#8221;]<div class=\"team-member\" data-style=\"meta_overlaid_alt\"><div class=\"team-member-overlay\"><\/div><a href=\"https:\/\/ufec.cat\/insersport\/abderraim\/\"><\/a> <div class=\"team-member-image\" style=\"background-image: url(https:\/\/ufec.cat\/insersport\/wp-content\/uploads\/2019\/06\/Abderraim_01-600x403.png);\"><\/div><div class=\"team-meta\"><h3>Abderraim<\/h3><p>16 anys, Matar\u00f3, Catalunya, Edici\u00f3 2019<p><\/div><\/div><div class=\"team-member\" data-style=\"meta_overlaid_alt\"><div class=\"team-member-overlay\"><\/div><a href=\"https:\/\/ufec.cat\/insersport\/mohamed-2\/\"><\/a> <div class=\"team-member-image\" style=\"background-image: url(https:\/\/ufec.cat\/insersport\/wp-content\/uploads\/2019\/06\/Mohamed_02-600x403.png);\"><\/div><div class=\"team-meta\"><h3>Mohamed<\/h3><p>17 anys, Espanya, Edici\u00f3 2019<p><\/div><\/div><div class=\"team-member\" data-style=\"meta_overlaid_alt\"><div class=\"team-member-overlay\"><\/div><a href=\"https:\/\/ufec.cat\/insersport\/samuel\/\"><\/a> <div class=\"team-member-image\" style=\"background-image: url(https:\/\/ufec.cat\/insersport\/wp-content\/uploads\/2019\/05\/SAMUEL-600x403.png);\"><\/div><div class=\"team-meta\"><h3>Samuel<\/h3><p>16 anys, Espanya, Edici\u00f3 2019<p><\/div><\/div><div class=\"team-member\" data-style=\"meta_overlaid_alt\"><div class=\"team-member-overlay\"><\/div><a href=\"https:\/\/ufec.cat\/insersport\/mohamed\/\"><\/a> <div class=\"team-member-image\" style=\"background-image: url(https:\/\/ufec.cat\/insersport\/wp-content\/uploads\/2019\/05\/mohamed-foto-perfil-600x403.png);\"><\/div><div class=\"team-meta\"><h3>Mohamed<\/h3><p>17 anys, Marroc, Edici\u00f3 2019<p><\/div><\/div><div class=\"team-member\" data-style=\"meta_overlaid_alt\"><div class=\"team-member-overlay\"><\/div><a href=\"https:\/\/ufec.cat\/insersport\/richard\/\"><\/a> <div class=\"team-member-image\" style=\"background-image: url(https:\/\/ufec.cat\/insersport\/wp-content\/uploads\/2018\/08\/richard_insersport2018-600x403.png);\"><\/div><div class=\"team-meta\"><h3>Richard<\/h3><p>19 anys, Cadis, Edici\u00f3 2018<p><\/div><\/div><div class=\"team-member\" data-style=\"meta_overlaid_alt\"><div class=\"team-member-overlay\"><\/div><a href=\"https:\/\/ufec.cat\/insersport\/yuneisa\/\"><\/a> <div class=\"team-member-image\" style=\"background-image: url(https:\/\/ufec.cat\/insersport\/wp-content\/uploads\/2017\/08\/Yuneisa-600x403.png);\"><\/div><div class=\"team-meta\"><h3>Yuneisa<\/h3><p>16 anys, Espanya \u00b7 Edici\u00f3 2017<p><\/div><\/div><div class=\"team-member\" data-style=\"meta_overlaid_alt\"><div class=\"team-member-overlay\"><\/div><a href=\"https:\/\/ufec.cat\/insersport\/manuel\/\"><\/a> <div class=\"team-member-image\" style=\"background-image: url(https:\/\/ufec.cat\/insersport\/wp-content\/uploads\/2017\/06\/Manuel02-600x403.png);\"><\/div><div class=\"team-meta\"><h3>Manuel<\/h3><p>16 anys, Espanya \u00b7 Edici\u00f3 2017<p><\/div><\/div>[\/vc_column][vc_column column_padding=&#8221;no-extra-padding&#8221; column_padding_position=&#8221;all&#8221; background_color_opacity=&#8221;1&#8243; background_hover_color_opacity=&#8221;1&#8243; top_margin=&#8221;0&#8243; column_shadow=&#8221;none&#8221; width=&#8221;1\/3&#8243; tablet_text_alignment=&#8221;default&#8221; phone_text_alignment=&#8221;default&#8221; column_border_width=&#8221;none&#8221; column_border_style=&#8221;solid&#8221;]<div class=\"team-member\" data-style=\"meta_overlaid_alt\"><div class=\"team-member-overlay\"><\/div><a href=\"https:\/\/ufec.cat\/insersport\/ayoub\/\"><\/a> <div class=\"team-member-image\" style=\"background-image: url(https:\/\/ufec.cat\/insersport\/wp-content\/uploads\/2019\/06\/Ayoub_01-600x403.png);\"><\/div><div class=\"team-meta\"><h3>Ayoub<\/h3><p>17 anys, Marroc, Edici\u00f3 2019<p><\/div><\/div><div class=\"team-member\" data-style=\"meta_overlaid_alt\"><div class=\"team-member-overlay\"><\/div><a href=\"https:\/\/ufec.cat\/insersport\/maite\/\"><\/a> <div class=\"team-member-image\" style=\"background-image: url(https:\/\/ufec.cat\/insersport\/wp-content\/uploads\/2019\/06\/Maite-Cano-01-600x403.png);\"><\/div><div class=\"team-meta\"><h3>Maite<\/h3><p>17 anys, Espanya, Edici\u00f3 2019<p><\/div><\/div><div class=\"team-member\" data-style=\"meta_overlaid_alt\"><div class=\"team-member-overlay\"><\/div><a href=\"https:\/\/ufec.cat\/insersport\/adria\/\"><\/a> <div class=\"team-member-image\" style=\"background-image: url(https:\/\/ufec.cat\/insersport\/wp-content\/uploads\/2019\/05\/adria-foto-perfil-600x403.png);\"><\/div><div class=\"team-meta\"><h3>Adri\u00e0 L\u00f3pez<\/h3><p>18 anys, Espanya, Edici\u00f3 2019<p><\/div><\/div><div class=\"team-member\" data-style=\"meta_overlaid_alt\"><div class=\"team-member-overlay\"><\/div><a href=\"https:\/\/ufec.cat\/insersport\/ainoa\/\"><\/a> <div class=\"team-member-image\" style=\"background-image: url(https:\/\/ufec.cat\/insersport\/wp-content\/uploads\/2018\/08\/ainoa_insersport2018-600x403.png);\"><\/div><div class=\"team-meta\"><h3>Ainoa<\/h3><p>16 anys, Espanya, Edici\u00f3 2018<p><\/div><\/div><div class=\"team-member\" data-style=\"meta_overlaid_alt\"><div class=\"team-member-overlay\"><\/div><a href=\"https:\/\/ufec.cat\/insersport\/felipe\/\"><\/a> <div class=\"team-member-image\" style=\"background-image: url(https:\/\/ufec.cat\/insersport\/wp-content\/uploads\/2018\/08\/felipe_insersport2018_2-600x403.png);\"><\/div><div class=\"team-meta\"><h3>Felipe<\/h3><p>18 anys, Brasil, Edici\u00f3 2018<p><\/div><\/div><div class=\"team-member\" data-style=\"meta_overlaid_alt\"><div class=\"team-member-overlay\"><\/div><a href=\"https:\/\/ufec.cat\/insersport\/islam\/\"><\/a> <div class=\"team-member-image\" style=\"background-image: url(https:\/\/ufec.cat\/insersport\/wp-content\/uploads\/2017\/06\/Islam-600x403.png);\"><\/div><div class=\"team-meta\"><h3>Islam<\/h3><p>29 anys, Egipte \u00b7 Edici\u00f3 2017<p><\/div><\/div><div class=\"team-member\" data-style=\"meta_overlaid_alt\"><div class=\"team-member-overlay\"><\/div><a href=\"https:\/\/ufec.cat\/insersport\/cristian-i-soraya\/\"><\/a> <div class=\"team-member-image\" style=\"background-image: url(https:\/\/ufec.cat\/insersport\/wp-content\/uploads\/2017\/06\/ACELL-03-600x403.png);\"><\/div><div class=\"team-meta\"><h3>Cristian i Soraya<\/h3><p>22 i 16 anys, Bol\u00edvia i Espanya \u00b7 Edici\u00f3 2017<p><\/div><\/div>[\/vc_column][vc_column column_padding=&#8221;no-extra-padding&#8221; column_padding_position=&#8221;all&#8221; background_color_opacity=&#8221;1&#8243; background_hover_color_opacity=&#8221;1&#8243; top_margin=&#8221;0&#8243; column_shadow=&#8221;none&#8221; width=&#8221;1\/3&#8243; tablet_text_alignment=&#8221;default&#8221; phone_text_alignment=&#8221;default&#8221; column_border_width=&#8221;none&#8221; column_border_style=&#8221;solid&#8221;]<div class=\"team-member\" data-style=\"meta_overlaid_alt\"><div class=\"team-member-overlay\"><\/div><a href=\"https:\/\/ufec.cat\/insersport\/adria-lozano\/\"><\/a> <div class=\"team-member-image\" style=\"background-image: url(https:\/\/ufec.cat\/insersport\/wp-content\/uploads\/2019\/06\/Adria-Lozano_01-600x403.png);\"><\/div><div class=\"team-meta\"><h3>Adri\u00e0 Lozano<\/h3><p>19 anys, Catalunya, Edici\u00f3 2019<p><\/div><\/div><div class=\"team-member\" data-style=\"meta_overlaid_alt\"><div class=\"team-member-overlay\"><\/div><a href=\"https:\/\/ufec.cat\/insersport\/jorgina\/\"><\/a> <div class=\"team-member-image\" style=\"background-image: url(https:\/\/ufec.cat\/insersport\/wp-content\/uploads\/2019\/05\/0-JORGINA_01-600x403.png);\"><\/div><div class=\"team-meta\"><h3>Jorgina<\/h3><p>16 anys, Espanya, Edici\u00f3 2019<p><\/div><\/div><div class=\"team-member\" data-style=\"meta_overlaid_alt\"><div class=\"team-member-overlay\"><\/div><a href=\"https:\/\/ufec.cat\/insersport\/eric\/\"><\/a> <div class=\"team-member-image\" style=\"background-image: url(https:\/\/ufec.cat\/insersport\/wp-content\/uploads\/2019\/05\/eric-foto-perfil-600x403.png);\"><\/div><div class=\"team-meta\"><h3>\u00c8ric<\/h3><p>16 anys, Espanya, Edici\u00f3 2019<p><\/div><\/div><div class=\"team-member\" data-style=\"meta_overlaid_alt\"><div class=\"team-member-overlay\"><\/div><a href=\"https:\/\/ufec.cat\/insersport\/douae\/\"><\/a> <div class=\"team-member-image\" style=\"background-image: url(https:\/\/ufec.cat\/insersport\/wp-content\/uploads\/2018\/08\/douae_insersport2018-600x403.png);\"><\/div><div class=\"team-meta\"><h3>Douae<\/h3><p>22 anys, Marroc, Edici\u00f3 2018<p><\/div><\/div><div class=\"team-member\" data-style=\"meta_overlaid_alt\"><div class=\"team-member-overlay\"><\/div><a href=\"https:\/\/ufec.cat\/insersport\/almuhannad\/\"><\/a> <div class=\"team-member-image\" style=\"background-image: url(https:\/\/ufec.cat\/insersport\/wp-content\/uploads\/2017\/05\/Almuhannad-1-600x403.png);\"><\/div><div class=\"team-meta\"><h3>Almuhannad<\/h3><p>19 anys, S\u00edria \u00b7 Edici\u00f3 2017<p><\/div><\/div><div class=\"team-member\" data-style=\"meta_overlaid_alt\"><div class=\"team-member-overlay\"><\/div><a href=\"https:\/\/ufec.cat\/insersport\/francisco\/\"><\/a> <div class=\"team-member-image\" style=\"background-image: url(https:\/\/ufec.cat\/insersport\/wp-content\/uploads\/2017\/05\/Francisco03-600x403.png);\"><\/div><div class=\"team-meta\"><h3>Francisco<\/h3><p>17 anys, Espanya \u00b7 Edici\u00f3 2017<p><\/div><\/div><div class=\"team-member\" data-style=\"meta_overlaid_alt\"><div class=\"team-member-overlay\"><\/div><a href=\"https:\/\/ufec.cat\/insersport\/bilal-i-sergi\/\"><\/a> <div class=\"team-member-image\" style=\"background-image: url(https:\/\/ufec.cat\/insersport\/wp-content\/uploads\/2017\/06\/Bilal-02-600x403.png);\"><\/div><div class=\"team-meta\"><h3>Bilal i Sergi<\/h3><p>17 i 16 anys, Espanya i R\u00fassia \u00b7 Edici\u00f3 2017<p><\/div><\/div>[\/vc_column][\/vc_row][vc_row type=&#8221;in_container&#8221; full_screen_row_position=&#8221;middle&#8221; scene_position=&#8221;center&#8221; text_color=&#8221;dark&#8221; text_align=&#8221;left&#8221; overlay_strength=&#8221;0.3&#8243;][vc_column column_padding=&#8221;no-extra-padding&#8221; column_padding_position=&#8221;all&#8221; background_color_opacity=&#8221;1&#8243; background_hover_color_opacity=&#8221;1&#8243; column_shadow=&#8221;none&#8221; width=&#8221;1\/1&#8243; tablet_text_alignment=&#8221;default&#8221; phone_text_alignment=&#8221;default&#8221; column_border_width=&#8221;none&#8221; column_border_style=&#8221;solid&#8221;][vc_column_text]\n<h1 id=\"formadors\"><\/h1>\n[\/vc_column_text]<div class=\"divider-wrap\"><div style=\"height: 100px;\" class=\"divider\"><\/div><\/div>[\/vc_column][\/vc_row][vc_row type=&#8221;in_container&#8221; full_screen_row_position=&#8221;middle&#8221; scene_position=&#8221;center&#8221; text_color=&#8221;dark&#8221; text_align=&#8221;left&#8221; overlay_strength=&#8221;0.3&#8243;][vc_column column_padding=&#8221;no-extra-padding&#8221; column_padding_position=&#8221;all&#8221; background_color_opacity=&#8221;1&#8243; background_hover_color_opacity=&#8221;1&#8243; column_shadow=&#8221;none&#8221; width=&#8221;2\/3&#8243; tablet_text_alignment=&#8221;default&#8221; phone_text_alignment=&#8221;default&#8221; column_border_width=&#8221;none&#8221; column_border_style=&#8221;solid&#8221;][vc_column_text css=&#8221;.vc_custom_1557920887578{margin-bottom: 30px !important;}&#8221;]\n<h2 style=\"color: #951b81;\">Coneix als joves a trav\u00e9s<br \/>\ndels seus formadors i formadores<\/h2>\n[\/vc_column_text][vc_custom_heading text=&#8221;Tots els formadors que participen en aquest programa s\u00f3n professionals del m\u00f3n de l&#8217;esport que pertanyen a les diferents federacions que col\u00b7laboren amb el projecte INSERsport.&#8221; font_container=&#8221;tag:h5|text_align:left&#8221; use_theme_fonts=&#8221;yes&#8221;]<div class=\"divider-wrap\"><div style=\"height: 50px;\" class=\"divider\"><\/div><\/div>[\/vc_column][vc_column column_padding=&#8221;no-extra-padding&#8221; column_padding_position=&#8221;all&#8221; background_color_opacity=&#8221;1&#8243; background_hover_color_opacity=&#8221;1&#8243; column_shadow=&#8221;none&#8221; width=&#8221;1\/3&#8243; tablet_text_alignment=&#8221;default&#8221; phone_text_alignment=&#8221;default&#8221; column_border_width=&#8221;none&#8221; column_border_style=&#8221;solid&#8221;][\/vc_column][\/vc_row][vc_row type=&#8221;full_width_content&#8221; full_screen_row_position=&#8221;middle&#8221; scene_position=&#8221;center&#8221; text_color=&#8221;dark&#8221; text_align=&#8221;left&#8221; overlay_strength=&#8221;0.3&#8243;][vc_column column_padding=&#8221;no-extra-padding&#8221; column_padding_position=&#8221;all&#8221; background_color_opacity=&#8221;1&#8243; background_hover_color_opacity=&#8221;1&#8243; column_shadow=&#8221;none&#8221; width=&#8221;1\/3&#8243; tablet_text_alignment=&#8221;default&#8221; phone_text_alignment=&#8221;default&#8221; column_border_width=&#8221;none&#8221; column_border_style=&#8221;solid&#8221;]<div class=\"team-member\" data-style=\"meta_overlaid_alt\"><div class=\"team-member-overlay\"><\/div><a href=\"https:\/\/ufec.cat\/insersport\/jose-manuel\/\"><\/a> <div class=\"team-member-image\" style=\"background-image: url(https:\/\/ufec.cat\/insersport\/wp-content\/uploads\/2019\/05\/Jose-Manuel-600x403.png);\"><\/div><div class=\"team-meta\"><h3>Jos\u00e9 Manuel<\/h3><p>Futbol sala, Edici\u00f3 2019<p><\/div><\/div><div class=\"team-member\" data-style=\"meta_overlaid_alt\"><div class=\"team-member-overlay\"><\/div><a href=\"https:\/\/ufec.cat\/insersport\/monica\/\"><\/a> <div class=\"team-member-image\" style=\"background-image: url(https:\/\/ufec.cat\/insersport\/wp-content\/uploads\/2019\/06\/0-MONICA-01-600x403.png);\"><\/div><div class=\"team-meta\"><h3>M\u00f2nica<\/h3><p>Monitora del Curs d\u2019Auxiliar de taula de la Federaci\u00f3 Catalana de B\u00e0squet<p><\/div><\/div>[\/vc_column][vc_column column_padding=&#8221;no-extra-padding&#8221; column_padding_position=&#8221;all&#8221; background_color_opacity=&#8221;1&#8243; background_hover_color_opacity=&#8221;1&#8243; column_shadow=&#8221;none&#8221; width=&#8221;1\/3&#8243; tablet_text_alignment=&#8221;default&#8221; phone_text_alignment=&#8221;default&#8221; column_border_width=&#8221;none&#8221; column_border_style=&#8221;solid&#8221;]<div class=\"team-member\" data-style=\"meta_overlaid_alt\"><div class=\"team-member-overlay\"><\/div><a href=\"https:\/\/ufec.cat\/insersport\/eduardo\/\"><\/a> <div class=\"team-member-image\" style=\"background-image: url(https:\/\/ufec.cat\/insersport\/wp-content\/uploads\/2019\/05\/Eduardo-Castillo-600x396.png);\"><\/div><div class=\"team-meta\"><h3>Eduardo<\/h3><p>Curs de Monitor de Futbol de la Federaci\u00f3 Catalana de Futbol, Edici\u00f3 2019<p><\/div><\/div><div class=\"team-member\" data-style=\"meta_overlaid_alt\"><div class=\"team-member-overlay\"><\/div><a href=\"https:\/\/ufec.cat\/insersport\/pep\/\"><\/a> <div class=\"team-member-image\" style=\"background-image: url(https:\/\/ufec.cat\/insersport\/wp-content\/uploads\/2019\/06\/Pep_01-600x403.png);\"><\/div><div class=\"team-meta\"><h3>Pep<\/h3><p>Introducci\u00f3 a l\u2019arbitratge de futbol sala<p><\/div><\/div>[\/vc_column][vc_column column_padding=&#8221;no-extra-padding&#8221; column_padding_position=&#8221;all&#8221; background_color_opacity=&#8221;1&#8243; background_hover_color_opacity=&#8221;1&#8243; column_shadow=&#8221;none&#8221; width=&#8221;1\/3&#8243; tablet_text_alignment=&#8221;default&#8221; phone_text_alignment=&#8221;default&#8221; column_border_width=&#8221;none&#8221; column_border_style=&#8221;solid&#8221;]<div class=\"team-member\" data-style=\"meta_overlaid_alt\"><div class=\"team-member-overlay\"><\/div><a href=\"https:\/\/ufec.cat\/insersport\/joaquim\/\"><\/a> <div class=\"team-member-image\" style=\"background-image: url(https:\/\/ufec.cat\/insersport\/wp-content\/uploads\/2019\/05\/0-QUIM_02-600x403.png);\"><\/div><div class=\"team-meta\"><h3>Joaquim<\/h3><p>Curs d\u2019\u00e0rbitre territorial B de la Federaci\u00f3 Catalana de V\u00f2lei, Edici\u00f3 2019<p><\/div><\/div>[\/vc_column][\/vc_row]\n","protected":false},"excerpt":{"rendered":"<p>[vc_row type=&#8221;full_width_background&#8221; full_screen_row_position=&#8221;middle&#8221; scene_position=&#8221;center&#8221; text_color=&#8221;dark&#8221; text_align=&#8221;center&#8221; overlay_strength=&#8221;0.3&#8243;][vc_column column_padding=&#8221;no-extra-padding&#8221; column_padding_position=&#8221;all&#8221; background_color_opacity=&#8221;1&#8243; background_hover_color_opacity=&#8221;1&#8243; column_shadow=&#8221;none&#8221; width=&#8221;1\/1&#8243; tablet_text_alignment=&#8221;default&#8221; phone_text_alignment=&#8221;default&#8221; column_border_width=&#8221;none&#8221; column_border_style=&#8221;solid&#8221;][\/vc_column][\/vc_row][vc_row type=&#8221;in_container&#8221; full_screen_row_position=&#8221;middle&#8221; scene_position=&#8221;center&#8221; text_color=&#8221;dark&#8221; text_align=&#8221;left&#8221; overlay_strength=&#8221;0.3&#8243;][vc_column column_padding=&#8221;no-extra-padding&#8221; column_padding_position=&#8221;all&#8221; background_color_opacity=&#8221;1&#8243; background_hover_color_opacity=&#8221;1&#8243; column_shadow=&#8221;none&#8221; width=&#8221;1\/1&#8243; tablet_text_alignment=&#8221;default&#8221;&#8230;<\/p>\n","protected":false},"author":1,"featured_media":0,"parent":0,"menu_order":0,"comment_status":"closed","ping_status":"closed","template":"","meta":[],"_links":{"self":[{"href":"https:\/\/ufec.cat\/insersport\/wp-json\/wp\/v2\/pages\/146"}],"collection":[{"href":"https:\/\/ufec.cat\/insersport\/wp-json\/wp\/v2\/pages"}],"about":[{"href":"https:\/\/ufec.cat\/insersport\/wp-json\/wp\/v2\/types\/page"}],"author":[{"embeddable":true,"href":"https:\/\/ufec.cat\/insersport\/wp-json\/wp\/v2\/users\/1"}],"replies":[{"embeddable":true,"href":"https:\/\/ufec.cat\/insersport\/wp-json\/wp\/v2\/comments?post=146"}],"version-history":[{"count":65,"href":"https:\/\/ufec.cat\/insersport\/wp-json\/wp\/v2\/pages\/146\/revisions"}],"predecessor-version":[{"id":1924,"href":"https:\/\/ufec.cat\/insersport\/wp-json\/wp\/v2\/pages\/146\/revisions\/1924"}],"wp:attachment":[{"href":"https:\/\/ufec.cat\/insersport\/wp-json\/wp\/v2\/media?parent=146"}],"curies":[{"name":"wp","href":"https:\/\/api.w.org\/{rel}","templated":true}]}}