{"id":391,"date":"2020-06-29T16:10:45","date_gmt":"2020-06-29T14:10:45","guid":{"rendered":"https:\/\/ufec.cat\/spey\/que-fem\/"},"modified":"2020-06-29T16:47:15","modified_gmt":"2020-06-29T14:47:15","slug":"que-fem","status":"publish","type":"page","link":"https:\/\/ufec.cat\/spey\/ca\/que-fem\/","title":{"rendered":"Qu\u00e8 fem"},"content":{"rendered":"<p>[vc_row full_width=&#8221;stretch_row&#8221; css=&#8221;.vc_custom_1590400785323{background-position: center !important;background-repeat: no-repeat !important;background-size: cover !important;}&#8221;][vc_column css_animation=&#8221;none&#8221; offset=&#8221;vc_col-lg-offset-3 vc_col-lg-9 vc_col-md-offset-2 vc_col-md-10&#8243;][vc_column_text el_class=&#8221;big righttick white&#8221;]<\/p>\n<h2 style=\"text-align: right;\"><strong>QU\u00c8 FEM<\/strong><\/h2>\n<p style=\"text-align: right;\"><em>Combinem l\u2019esport, l\u2019educaci\u00f3 i el treball en xarxa per refor\u00e7ar la cohesi\u00f3 social. A trav\u00e9s d\u2019aquests, oferim un programa esportiu prosocial amb l\u2019objectiu de minimitzar els factors que contribueixen en l\u2019adopci\u00f3 d\u2019idees i comportaments violents en la joventut.<\/em><\/p>\n<p>[\/vc_column_text][\/vc_column][\/vc_row][vc_row full_width=&#8221;stretch_row&#8221;][vc_column css=&#8221;.vc_custom_1591259434579{margin-top: 0px !important;margin-bottom: 0px !important;padding-top: 0px !important;padding-bottom: 0px !important;}&#8221;][vc_row_inner][vc_column_inner width=&#8221;1\/2&#8243; offset=&#8221;vc_col-lg-offset-0 vc_col-lg-6&#8243;][vc_column_text el_class=&#8221;white justify uppercaseletter&#8221;]<strong>SPEY <\/strong>inclou la pr\u00e0ctica esportiva, les compet\u00e8ncies transversals, els valors, els jocs (la creaci\u00f3 d\u2019un joc de taula i sessions d\u2019<em>e-games<\/em>), el senderisme, activitats l\u00fadiques, participaci\u00f3 en esdeveniments esportius, voluntariat i altres accions per aconseguir els objectius del projecte. Aix\u00ed \u00e9s com combinem esports i educaci\u00f3.[\/vc_column_text][\/vc_column_inner][vc_column_inner width=&#8221;1\/2&#8243;][vc_column_text el_class=&#8221;white justify uppercaseletter&#8221;]Les administracions p\u00fabliques i el treball en xarxa s\u00f3n vitals per al desenvolupament del projecte en tots els seus aspectes, que abasten des de la cessi\u00f3 de pistes esportives, camps i gimnasos a promoure el projecte i replicar-lo en altres zones ve\u00efnals i ciutats. Per aconseguir aquest objectiu, el programa est\u00e0 creat per ser replicat a diferents ciutats europees per altres organitzacions.[\/vc_column_text][\/vc_column_inner][\/vc_row_inner][vc_row_inner css=&#8221;.vc_custom_1591259682223{margin-top: 50px !important;}&#8221;][vc_column_inner offset=&#8221;vc_col-lg-offset-0 vc_col-lg-12&#8243;][vc_column_text el_class=&#8221;white big&#8221; css=&#8221;.vc_custom_1592411610610{margin-bottom: 0px !important;}&#8221;]Per poder contribuir a la cohesi\u00f3 social, la implicaci\u00f3 de diferents agents socials tals com l\u2019administraci\u00f3 p\u00fablica, les federacions esportives i els clubs i ONGs \u00e9s essencial.[\/vc_column_text][vc_empty_space height=&#8221;25px&#8221;][vc_column_text el_class=&#8221;white&#8221;]SPEY pren una perspectiva internacional, ja que t\u00e9 el suport acad\u00e8mic en l\u2019\u00e0mbit nacional i internacional. Experts en el proc\u00e9s de radicalitzaci\u00f3 violenta i la seva prevenci\u00f3 creen, apliquen i avaluen el projecte a cada etapa. D\u2019aquesta manera, la literatura acad\u00e8mica s\u2019usa per examinar i analitzar el desenvolupament i l\u2019efectivitat del programa SPEY. La contribuci\u00f3 te\u00f2rica va de la m\u00e0 de l\u2019aplicaci\u00f3 pr\u00e0ctica del programa.[\/vc_column_text][\/vc_column_inner][\/vc_row_inner][vc_row_inner][vc_column_inner offset=&#8221;vc_col-lg-offset-0 vc_col-lg-12&#8243;][vc_empty_space height=&#8221;50px&#8221;][vc_column_text el_class=&#8221;white big&#8221;]Per aquest motius estem[\/vc_column_text][\/vc_column_inner][\/vc_row_inner][vc_row_inner equal_height=&#8221;yes&#8221;][vc_column_inner el_class=&#8221;whatobj01&#8243; width=&#8221;1\/3&#8243; css=&#8221;.vc_custom_1591274831766{margin: 10px !important;}&#8221;][vc_column_text el_class=&#8221;white big&#8221;]<strong>Creant i compartint el programa<\/strong>[\/vc_column_text][vc_column_text el_class=&#8221;white justify&#8221;]Diversos documents, tals com la guia de bones pr\u00e0ctiques en tres idiomes, s\u2019estan creant per difondre SPEY. Un joc de taula, tamb\u00e9 en tres idiomes, s\u2019utilitzar\u00e0 com a eina l\u00fadica en diferents organitzacions per augmentar la sensibilitzaci\u00f3 sobre el proc\u00e9s de radicalitzaci\u00f3.[\/vc_column_text][\/vc_column_inner][vc_column_inner el_class=&#8221;whatobj02&#8243; width=&#8221;1\/3&#8243; css=&#8221;.vc_custom_1591274840234{margin: 10px !important;}&#8221;][vc_column_text el_class=&#8221;white big&#8221;]<strong>Desenvolupant eines de mesura i identificaci\u00f3<\/strong>[\/vc_column_text][vc_column_text el_class=&#8221;white justify&#8221;]Estem generant enquestes, recol\u00b7lecci\u00f3 de dades i articles acad\u00e8mics per mesurar l\u2019efectivitat dels programes dissenyats per a la prevenci\u00f3 de l\u2019extremisme.[\/vc_column_text][\/vc_column_inner][vc_column_inner el_class=&#8221;whatobj01&#8243; width=&#8221;1\/3&#8243; css=&#8221;.vc_custom_1591274851663{margin: 10px !important;}&#8221;][vc_column_text el_class=&#8221;white big&#8221;]<strong>Fent esport, millorant el benestar i generant oportunitats als i les joves<\/strong>[\/vc_column_text][vc_column_text el_class=&#8221;white justify&#8221;]Volem millorar el benestar, les habilitats i els valors a trav\u00e9s de sessions de compet\u00e8ncies transversals i esport. Tamb\u00e9 volem que els joves aprenguin nous esports a trav\u00e9s de la seva pr\u00e0ctica. El treball en xarxa amb diversos actors socials, ONGs i institucions s\u2019utilitza per acompanyar a cada participant.[\/vc_column_text][\/vc_column_inner][\/vc_row_inner][vc_row_inner equal_height=&#8221;yes&#8221;][vc_column_inner el_class=&#8221;whatobj02&#8243; width=&#8221;1\/3&#8243; css=&#8221;.vc_custom_1591274956518{margin-top: 10px !important;margin-right: 10px !important;margin-bottom: 10px !important;margin-left: 10px !important;}&#8221;][vc_column_text el_class=&#8221;white big&#8221;]<strong>Formant entrenadors i professionals que treballen amb joves<\/strong>[\/vc_column_text][vc_column_text el_class=&#8221;white justify&#8221;]Estem desenvolupant una guia d\u2019eines espec\u00edfica per a entrenadors i professionals amb una explicaci\u00f3 acurada del proc\u00e9s de radicalitzaci\u00f3 i la seva prevenci\u00f3 a trav\u00e9s de la pr\u00e0ctica esportiva.[\/vc_column_text][\/vc_column_inner][vc_column_inner el_class=&#8221;whatobj01&#8243; width=&#8221;1\/3&#8243; css=&#8221;.vc_custom_1591274960502{margin-top: 10px !important;margin-right: 10px !important;margin-bottom: 10px !important;margin-left: 10px !important;}&#8221;][vc_column_text el_class=&#8221;white big&#8221;]<strong>Cooperant amb diferents actors socials locals i la UE<\/strong>[\/vc_column_text][vc_column_text el_class=&#8221;white justify&#8221;]Treballem a partir de la creaci\u00f3 d\u2019un triangle d\u2019intervenci\u00f3 entre administracions p\u00fabliques, esports, organitzacions i ONGs.[\/vc_column_text][\/vc_column_inner][vc_column_inner el_class=&#8221;whatobj02&#8243; width=&#8221;1\/3&#8243; css=&#8221;.vc_custom_1591274965153{margin-top: 10px !important;margin-right: 10px !important;margin-bottom: 10px !important;margin-left: 10px !important;}&#8221;][vc_column_text el_class=&#8221;white big&#8221;]<strong>Compartint el projecte per poder implementar-lo en altres pa\u00efsos<\/strong>[\/vc_column_text][vc_column_text el_class=&#8221;white justify&#8221;]La guia de bones pr\u00e0ctiques ajudar\u00e0 a replicar el projecte a altres pa\u00efsos de la UE.[\/vc_column_text][\/vc_column_inner][\/vc_row_inner][\/vc_column][\/vc_row]<\/p>\n","protected":false},"excerpt":{"rendered":"<p>[vc_row full_width=&#8221;stretch_row&#8221; css=&#8221;.vc_custom_1590400785323{background-position: center !important;background-repeat: no-repeat !important;background-size: cover !important;}&#8221;][vc_column css_animation=&#8221;none&#8221; offset=&#8221;vc_col-lg-offset-3 vc_col-lg-9 vc_col-md-offset-2 vc_col-md-10&#8243;][vc_column_text el_class=&#8221;big righttick white&#8221;] QU\u00c8 FEM Combinem l\u2019esport, l\u2019educaci\u00f3 i el treball en xarxa per refor\u00e7ar la cohesi\u00f3 social. A trav\u00e9s d\u2019aquests, oferim un programa esportiu prosocial amb l\u2019objectiu de minimitzar els factors que contribueixen en l\u2019adopci\u00f3 d\u2019idees i comportaments violents en [&hellip;]<\/p>\n","protected":false},"author":3,"featured_media":0,"parent":0,"menu_order":0,"comment_status":"closed","ping_status":"closed","template":"","meta":[],"_links":{"self":[{"href":"https:\/\/ufec.cat\/spey\/wp-json\/wp\/v2\/pages\/391"}],"collection":[{"href":"https:\/\/ufec.cat\/spey\/wp-json\/wp\/v2\/pages"}],"about":[{"href":"https:\/\/ufec.cat\/spey\/wp-json\/wp\/v2\/types\/page"}],"author":[{"embeddable":true,"href":"https:\/\/ufec.cat\/spey\/wp-json\/wp\/v2\/users\/3"}],"replies":[{"embeddable":true,"href":"https:\/\/ufec.cat\/spey\/wp-json\/wp\/v2\/comments?post=391"}],"version-history":[{"count":1,"href":"https:\/\/ufec.cat\/spey\/wp-json\/wp\/v2\/pages\/391\/revisions"}],"predecessor-version":[{"id":392,"href":"https:\/\/ufec.cat\/spey\/wp-json\/wp\/v2\/pages\/391\/revisions\/392"}],"wp:attachment":[{"href":"https:\/\/ufec.cat\/spey\/wp-json\/wp\/v2\/media?parent=391"}],"curies":[{"name":"wp","href":"https:\/\/api.w.org\/{rel}","templated":true}]}}